 g(k) = k**l + 3*k**2 - 5*k + k**2 - 4 + h. Give g(-5).
7
Suppose 0*i + 9 = 3*i. Let o(a) = -11*a + i + 3 - 5. Let s = 1 + 0. Determine o(s).
-10
Let n be (-2)/(-10) + 520/25. Let c = n - 17. Let v(o) = -o + o**3 + 4*o + 2*o**3 - c*o. Calculate v(-1).
-2
Suppose -5*w + 2*k = -1 + 37, 4*w = -2*k - 18. Let l(n) be the third derivative of n**5/60 + n**4/4 + n**3/6 - 94*n**2. Calculate l(w).
1
Let z(s) = -3*s**2 - 5*s + 17. Let w(u) = 3*u**2 + 4*u - 17. Let k(v) = -6*w(v) - 5*z(v). Let r(g) be the first derivative of k(g). Determine r(-1).
7
Let h(s) be the second derivative of 1/4*s**4 - s**3 + 0 + 1/20*s**5 - 14*s - 3/2*s**2. Give h(-4).
5
Let w(a) be the third derivative of -a**5/30 - 3*a**4/8 + 11*a**3/6 - a**2 + 23*a. Determine w(-5).
6
Suppose -6*y + 96 = 276. Let a be (-18)/(-36) + y/4. Let p(t) = t**3 + 6*t**2 - 6*t - 2. Determine p(a).
-9
Let b(x) = x**3 + 8*x**2 + x + 10. Let j = -54 - -56. Suppose -j*r - 80 = 8*r. Determine b(r).
2
Let a(f) = -f**2 + 2*f + 12. Suppose -3*b + 15 = x, 2*b = -5*x + 3*b + 27. Determine a(x).
-12
Suppose 3*r + 94 = r. Let x = 44 + r. Let b(o) = o**2 - o - 3. What is b(x)?
9
Let t(b) = b**3 - 10*b**2 - 2*b + 19. Let y be t(10). Let s = y - -1. Let k(g) = -g**3 - g + 1. Give k(s).
1
Let h(t) be the first derivative of -2*t**3/3 - t**2 - t + 2. Let l(q) = -16*q - 209. Let c be l(-13). Calculate h(c).
-1
Let p(n) = 11*n**3 + 13*n**2 + 23*n + 16. Let i(a) = 7*a**3 + 9*a**2 + 15*a + 11. Let d(g) = 8*i(g) - 5*p(g). Give d(-6).
14
Let c(z) = z**3 + 4*z**2 - 6*z + 4. Suppose -5*b - 252 + 57 = 0. Let t = b + 19. Let l be (-2)/(-4) + 110/t. What is c(l)?
9
Let f(m) = 3*m - 18. Let a(i) = i**2 - 121*i - 237. Let k be a(-2). Determine f(k).
9
Let i(k) = k + 3. Let z = 236 + -239. Determine i(z).
0
Let t(u) be the third derivative of -5*u**4/24 + u**3/2 - 20*u**2 - 3*u. Let p be (13/2 - 1)*-2. Let l = 13 + p. What is t(l)?
-7
Let t(u) = -u**3 + 7*u**2 - 6. Let l = -163 - -169. What is t(l)?
30
Let d = -6 - -11. Suppose 2*j + 2*u = 667 + 211, -j = -u - 429. Let g(i) = 433 - 2*i + i - j. Determine g(d).
-6
Let l(i) = 20*i**3 - i**2 - i - 1. Suppose 0*y + 26 = 5*a - 4*y, -4*a + y + 12 = 0. Suppose -3*c = 4*g - 2*c + 9, a*g - 5*c = 23. Calculate l(g).
-21
Let u(a) = -4*a**3 + 10*a**2 + 5*a + 2. Let d(g) = 3*g**3 - 9*g**2 - 5*g - 2. Let o(y) = 5*d(y) + 4*u(y). Let p(k) = k**2 - 8*k + 3. Let s be p(7). Give o(s).
2
Suppose 8*l + 98 - 34 = 0. Let j(i) = -2*i**2 - 2*i + 4. Let x(b) = -3*b**2 - 6*b + 3. Let f(t) = 4*j(t) - 3*x(t). Determine f(l).
-9
Let i(u) = -2*u**2 + 116*u - 1. Let d(k) = -k**2 + 66*k. Let h(t) = -7*d(t) + 4*i(t). Let s be (-2 + 6)*(-1 - -2). Calculate h(s).
-12
Let a(n) = -n - 2*n - n**2 - 12 + 2*n - n + 3*n. What is a(5)?
-32
Let w(o) = o + 7. Suppose -4*g + 26 = -3*a, 3*g = 3 + 3. Let s be a/33 + (-62)/22. Calculate w(s).
4
Let q be 41/(-1) + -2 + 5. Let c = q + 35. Let u(o) be the second derivative of -o**5/20 - o**4/3 - o**3/2 + 2*o**2 + 4*o. Calculate u(c).
4
Let a(c) = 39*c**2 + 6*c + 20. Let k(f) = -13*f**2 - 2*f - 7. Let m = -9 + 3. Let r(d) = m*a(d) - 17*k(d). Let b be -4 - (11 + -8) - 1*-6. Calculate r(b).
-12
Suppose -3*a - 3 = 3*m, 0*a - 4*m - 36 = -4*a. Let c(y) = y**3 - 4*y**2 + 2*y - 2. Determine c(a).
6
Let x(w) = 6*w - 1. Suppose v - 5 = -3. Let z be 12/(-9)*(-4 - -1). Suppose -v*c - 2 = -z. Determine x(c).
5
Let x be ((-21)/98)/(15/20)*-14. Let k(s) = 4*s - 10. What is k(x)?
6
Let s(o) be the first derivative of -o**4/4 - 4*o**3/3 + 5*o**2/2 + 7*o - 37. Give s(-5).
7
Let a(f) = -f**2 - 6*f - 9. Let n = 2227 - 2232. What is a(n)?
-4
Let u(f) = -1 + 5*f + f + 2 - 33*f**2 + 16*f**2 + 16*f**2. Suppose 2*c - k - 17 = 0, -4*k = -2*c - 8*k - 8. Give u(c).
1
Suppose -10 = -2*d - 0*d. Let f(z) = -8*z + 3. Let r(p) = -p. Let u(y) = f(y) - 4*r(y). Let s(x) = 9*x - 7. Let v(m) = -3*s(m) - 7*u(m). What is v(d)?
5
Let x = 11 - 9. Let k(i) = 10 + 4 + i**x + i**3 - 1. Suppose p = -4*p + 2*l + 8, 3*l + 12 = 2*p. Determine k(p).
13
Let z(l) = -6*l. Let b be (-2)/(4 + (-1 - 2)). Let w be (-96)/(-54) + b/(-9). What is z(w)?
-12
Let g = 30 + -27. Let b(w) = -3*w**2 - w**3 + g*w - 4 - w**2 + w. Calculate b(-5).
1
Suppose r + 16 = -c + 24, -c + 4 = 5*r. Let o(t) = -t**3 + 9*t**2 + 3*t - 21. Calculate o(c).
6
Let r(h) = 1 - 75*h + 46*h + 28*h. Calculate r(4).
-3
Let g = -1761 + 1750. Let x(k) = -4*k - 18. Determine x(g).
26
Suppose -6*a + 455 = -97*a. Let u(t) = 5*t**3 + 2*t**2 + 3*t + 3. Let v(s) = -s**3 + s**2 + s + 1. Let d(y) = -u(y) - 4*v(y). Calculate d(a).
3
Let m(v) = v + 2. Let s = 15 + -13. Suppose s = 2*p - 2*b, 0*b = 5*b - 25. Suppose 4*a = 2 + p. What is m(a)?
4
Let a(s) = 48*s**2 + 0 - 51*s**2 - s + 4 - 2. Calculate a(-2).
-8
Suppose 138*h - 445 = 49*h. Let m(a) = -a**3 + 6*a**2 - 6*a. Determine m(h).
-5
Let o(b) = b**2 + 4*b - 4. Let x be o(-5). Let m(q) = -10*q. Let k(d) = -2*d. Let s(z) = 6*k(z) - m(z). Determine s(x).
-2
Let t(y) = -12 + 81 + 7*y - 20 - 19 - 23. What is t(-2)?
-7
Let n(f) = f**3 - 9*f**2 + 12*f - 29. Let d(v) = -v**3 + 22*v**2 + 24*v - 15. Let h be d(23). Calculate n(h).
3
Let k = 651 - 648. Let w(c) = -c**2 + 4*c - 1. Calculate w(k).
2
Let c(v) = -7*v**2 - v + 4. Let h(r) = -27*r**2 - 3*r + 15. Let x(d) = -15*c(d) + 4*h(d). What is x(2)?
-6
Let b = -115 + 109. Let y be b + 4 - (4 + -12). Let k(w) = w - w + 2*w + 3. Calculate k(y).
15
Suppose -3*v = 2981 - 2999. Let l(d) = d**2 - 4*d - 2. Determine l(v).
10
Let r(n) = 5*n - 10. Let p(i) = i**2 - 3*i + 4. Let l be p(4). Let v be r(l). Let g = -26 + v. Let y(b) = b**3 - 4*b**2 + b. Calculate y(g).
4
Let m(s) = -s**2 + 14*s - 10. Let o = -19 - -32. Let v be m(o). Let w(j) = -j + 7. Determine w(v).
4
Let i(d) be the second derivative of -d**4/2 + d**3/2 - 7*d**2/2 - 2*d. Let a(z) = 2*z + 10 - 29 + 0*z + 13 - 5*z**2. Let q(w) = -5*a(w) + 4*i(w). Give q(-2).
2
Let v(w) = -w**2 - 3*w + 1. Let j be v(-2). Suppose -3*k - z = 3*z - 4, -1 = -j*k - z. Let x(p) = p**3 + 6. What is x(k)?
6
Let k(c) = -c**2 + 19*c + 465. Let o be k(-14). Let s(n) be the first derivative of o + 0*n**2 - 2*n**3 + 2*n - 1/4*n**4. Give s(-6).
2
Suppose 0 = -2*p + p + 5. Suppose 10 = 5*l - 2*i, -l + 4*i + 20 = -2*l. Let s(d) = l*d**2 + d**3 - 4*d**2 - 6*d + 2 + d**2 - d**2. Determine s(p).
-3
Let h(n) = -7*n - 8*n + 6 + 3*n**2 - 7*n**2 + 2. Let l(u) = -3*u**2 - 14*u + 7. Let v(x) = 4*h(x) - 5*l(x). Determine v(7).
18
Let t be (-22)/(-3) + 77/(-231). Let u(r) = r**2 - 8*r - 7. What is u(t)?
-14
Let t(b) = 3 - 5*b - b**2 - 2*b + 2*b**2 + 3*b. Suppose -5*n + 3 = -a, -3*a + 4*n - 4 + 6 = 0. Calculate t(a).
-1
Let t be (-8)/10*(-30 - -20). Let o(m) = -6*m + 0*m + 6*m + t*m. Give o(2).
16
Let g(z) = -10*z - 51. Let x be g(-4). Let p(q) = q**3 + 10*q**2 - 11*q. Give p(x).
0
Let b(f) be the first derivative of -5/3*f**3 + 1/4*f**4 + 3*f + 3/2*f**2 + 12. Determine b(3).
-6
Let c(g) = -5*g + 3 + 0*g + 4*g + 0. Let b = -108 + 103. Give c(b).
8
Let l(s) = 2 + 1 - 3 - s**2 + 8*s - 13 + 3. What is l(5)?
5
Let x(q) = q**2 + q + 7. Let m = 9 + -13. Let d = m + 3. Let t be d - ((1 - 4) + 2). Determine x(t).
7
Suppose -6*p + 12 = -3*p. Let n(j) = -6*j - p*j + 9*j + 0*j. Give n(-6).
6
Suppose -5*h - p = 5, -2*h + 3*h = 4*p + 20. Let u(j) = j - 7. Give u(h).
-7
Let p(o) = -5 + 251*o - 130*o - 120*o. Determine p(5).
0
Let q(j) = j**2 - 40*j + 386. Let l be q(15). Let n(d) = d**3 - 11*d**2 + 4*d - 15. Determine n(l).
29
Let d(n) = n**3 + 7*n**2 + 4*n - 4. Let z be -1*(24/48 - 11/(-2)). Give d(z).
8
Suppose 0 = -2*r + r. Suppose 4*l - l - 3 = r. Let m(u) = 2*u + 0*u + l + 2 - 4. What is m(2)?
3
Suppose 3*l = 2*v - 20, 0 = -l - 4*v + 1 + 11. Let g(h) = 3*h + 18. Let b(m) = -3. Let d(p) = -4*b(p) - g(p). Determine d(l).
6
Let f(w) be the second derivative of w**5/20 - w**4/24 - w**3/3 + w. Let n(l) be the second derivative of f(l). Let h be -8 + 35/(490/84). What is n(h)?
-13
Let j be 1386/286 - 2/(-13). Let h(o) = -o**3 + 6*o**2 - 2*o - 4. Give h(j).
11
Let t(w) = 4*w - 3*w**2 + 3*w - 35 + 14 + 15. Determine t(5).
-46
Let f = 956 - 952. Let q(i) = i**3 - 4*i**2 + i - 1. Determine q(f).
3
Let h be 15/10*8/36*-15. Let c(r) = r**2 + 7*r + 6. Calculate c(h).
-4
Let u(l) = 13*l**2 - 3*l - 4. Let c be u(-1). Suppose 0 = -5*q + c + 3, -w + 5 = q. Let t(i) = 2*i**3 - 2*i**2 + 2*i. Determine t(w